n thousands digit of 69816?
6
What is the tens digit of 7225?
2
What is the ten thousands digit of 11843?
1
What is the thousands digit of 2206?
2
What is the thousands digit of 2502?
2
What is the tens digit of 10191?
9
What is the hundreds digit of 4705?
7
What is the ten thousands digit of 49414?
4
What is the units digit of 1706?
6
What is the thousands digit of 2848?
2
What is the ten thousands digit of 13618?
1
What is the tens digit of 3448?
4
What is the thousands digit of 9584?
9
What is the ten thousands digit of 16062?
1
What is the ten thousands digit of 23128?
2
What is the tens digit of 33580?
8
What is the thousands digit of 15200?
5
What is the hundreds digit of 3457?
4
What is the units digit of 395?
5
What is the thousands digit of 23493?
3
What is the units digit of 996?
6
What is the hundreds digit of 63800?
8
What is the tens digit of 386?
8
What is the hundreds digit of 38127?
1
What is the thousands digit of 1386?
1
What is the hundreds digit of 1167?
1
What is the units digit of 3587?
7
What is the tens digit of 24943?
4
What is the thousands digit of 17365?
7
What is the tens digit of 3144?
4
What is the units digit of 49827?
7
What is the units digit of 2267?
7
What is the units digit of 5293?
3
What is the tens digit of 4318?
1
What is the tens digit of 7568?
6
What is the hundreds digit of 4404?
4
What is the thousands digit of 1646?
1
What is the tens digit of 690?
9
What is the hundreds digit of 772?
7
What is the thousands digit of 2825?
2
What is the thousands digit of 15719?
5
What is the tens digit of 991?
9
What is the tens digit of 45952?
5
What is the units digit of 2078?
8
What is the hundreds digit of 10470?
4
What is the hundreds digit of 603?
6
What is the hundreds digit of 727?
7
What is the hundreds digit of 30119?
1
What is the ten thousands digit of 24073?
2
What is the hundreds digit of 16127?
1
What is the units digit of 7848?
8
What is the thousands digit of 1131?
1
What is the hundreds digit of 10382?
3
What is the thousands digit of 37861?
7
What is the hundreds digit of 215?
2
What is the tens digit of 359?
5
What is the thousands digit of 14369?
4
What is the tens digit of 371?
7
What is the hundreds digit of 19443?
4
What is the units digit of 744?
4
What is the tens digit of 48?
4
What is the thousands digit of 3296?
3
What is the thousands digit of 1459?
1
What is the thousands digit of 10646?
0
What is the units digit of 60730?
0
What is the tens digit of 2409?
0
What is the thousands digit of 3880?
3
What is the thousands digit of 4888?
4
What is the tens digit of 18678?
7
What is the hundreds digit of 1560?
5
What is the hundreds digit of 491?
4
What is the hundreds digit of 1175?
1
What is the tens digit of 189?
8
What is the units digit of 9300?
0
What is the thousands digit of 17600?
7
What is the thousands digit of 6113?
6
What is the thousands digit of 4000?
4
What is the hundreds digit of 824?
8
What is the thousands digit of 79974?
9
What is the units digit of 1470?
0
What is the thousands digit of 21637?
1
What is the hundreds digit of 501?
5
What is the tens digit of 263?
6
What is the tens digit of 8815?
1
What is the hundreds digit of 24810?
8
What is the units digit of 299?
9
What is the tens digit of 22480?
8
What is the tens digit of 770?
7
What is the units digit of 16614?
4
What is the tens digit of 129720?
2
What is the units digit of 19101?
1
What is the tens digit of 467?
6
What is the tens digit of 460?
6
What is the tens digit of 784?
8
What is the hundreds digit of 12222?
2
What is the units digit of 815?
5
What is the hundreds digit of 32009?
0
What is the thousands digit of 61589?
1
What is the units digit of 19506?
6
What is the tens digit of 295?
9
What is the units digit of 5161?
1
What is the units digit of 3995?
5
What is the tens digit of 236?
3
What is the hundreds digit of 35031?
0
What is the ten thousands digit of 26081?
2
What is the hundreds digit of 5637?
6
What is the hundreds digit of 746?
7
What is the ten thousands digit of 14569?
1
What is the units digit of 43809?
9
What is the units digit of 104?
4
What is the units digit of 749?
9
What is the units digit of 505?
5
What is the ten thousands digit of 22571?
2
What is the hundreds digit of 4215?
2
What is the tens digit of 461?
6
What is the units digit of 2585?
5
What is the hundreds digit of 4604?
6
What is the hundreds digit of 860?
8
What is the units digit of 274?
4
What is the thousands digit of 4985?
4
What is the thousands digit of 2763?
2
What is the units digit of 472?
2
What is the ten thousands digit of 36496?
3
What is the tens digit of 3577?
7
What is the tens digit of 119?
1
What is the tens digit of 1944?
4
What is the tens digit of 13706?
0
What is the units digit of 883?
3
What is the units digit of 337?
7
What is the hundreds digit of 5714?
7
What is the ten thousands digit of 38278?
3
What is the thousands digit of 2895?
2
What is the hundreds digit of 792?
7
What is the units digit of 63169?
9
What is the hundreds digit of 790?
7
What is the thousands digit of 3244?
3
What is the units digit of 12?
2
What is the units digit of 1653?
3
What is the units digit of 30083?
3
What is the thousands digit of 12363?
2
What is the ten thousands digit of 67692?
6
What is the thousands digit of 37401?
7
What is the tens digit of 7145?
4
What is the tens digit of 3024?
2
What is the hundreds digit of 5022?
0
What is the thousands digit of 19489?
9
What is the thousands digit of 93007?
3
What is the units digit of 141?
1
What is the tens digit of 4762?
6
What is the tens digit of 4023?
2
What is the units digit of 3843?
3
What is the tens digit of 362?
6
What is the hundreds digit of 3617?
6
What is the tens digit of 1961?
6
What is the units digit of 3794?
4
What is the hundreds digit of 14966?
9
What is the tens digit of 1218?
1
What is the tens digit of 7513?
1
What is the tens digit of 14696?
9
What is the tens digit of 397?
9
What is the hundreds digit of 14586?
5
What is the units digit of 20806?
6
What is the ten thousands digit of 19530?
1
What is the hundreds digit of 87726?
7
What is the tens digit of 1258?
5
What is the units digit of 3874?
4
What is the thousands digit of 4064?
4
What is the hundreds digit of 488?
4
What is the thousands digit of 33007?
3
What is the hundreds digit of 191?
1
What is the tens digit of 871?
7
What is the thousands digit of 1191?
1
What is the ten thousands digit of 31109?
3
What is the hundreds digit of 11426?
4
What is the units digit of 71?
1
What is the units digit of 397?
7
What is the tens digit of 1235?
3
What is the thousands digit of 3016?
3
What is the units digit of 5542?
2
What is the hundreds digit of 373?
3
What is the thousands digit of 1658?
1
What is the thousands digit of 2614?
2
What is the thousands digit of 1677?
1
What is the units digit of 197?
7
What is the units digit of 56955?
5
What is the units digit of 798?
8
What is the units digit of 12130?
0
What is the tens digit of 17502?
0
What is the tens digit of 12739?
3
What is the tens digit of 24059?
5
What is the units digit of 277?
7
What is the units digit of 26961?
1
What is the tens digit of 248?
4
What is the tens digit of 2418?
1
What is the hundreds digit of 4360?
3
What is the units digit of 4818?
8
What is the hundreds digit of 476?
4
What is the ten thousands digit of 27829?
2
What is the units digit of 9686?
6
What is the units digit of 1103?
3
What is the hundreds digit of 32073?
0
What is the ten thousands digit of 16229?
1
What is the ten thousands digit of 20954?
2
What is the thousands digit of 5561?
5
What is the thousands digit of 5014?
5
What is the hundreds digit of 33776?
7
What is the hundreds digit of 30585?
5
What is the tens digit of 23194?
9
What is the tens digit of 40525?
2
What is the tens digit of 4302?
0
What is the units digit of 1362?
2
What is the hundreds digit of 46756?
7
What is the hundreds digit of 7980?
9
What is the units digit of 1474?
4
What is the tens digit of 550?
5
What is the units digit of 4789?
9
What is the hundreds digit of 938?
9
What is the tens digit of 35534?
3
What is the tens digit of 1867?
6
What is the ten thousands digit of 58787?
5
What is the thousands digit of 1847?
1
What is the tens digit of 17330?
3
W